- 4*z = 3*f - 24. Suppose -55 = -m + v*h + 11, -4*h - 203 = -f*m. Is m prime?
False
Let f(u) = -u**2 - 3*u + 12. Let i be f(-5). Suppose -70 = -4*q + i*q. Is q prime?
False
Suppose 3*q + 273 = 5*i, -i + 6*q = q - 59. Let c = 550 + i. Let g = c - 413. Is g a prime number?
True
Let b(l) = 21*l**3 + l**2 + 8*l - 2. Let d be b(-5). Let t = -1845 - d. Is t a composite number?
False
Let d(l) = l**3 + 11*l**2 - 34*l + 39. Is d(-13) prime?
False
Let p(z) = -2*z**3 + 16*z**2 + 10*z + 10. Let a be p(9). Suppose 0*n = 2*m - 4*n + 538, 0 = 3*n + 15. Let o = a - m. Is o a prime number?
False
Suppose -5*d + 12*d - 182 = 0. Let l = d - -96. Is l prime?
False
Let o = -861 - -1639. Is o composite?
True
Let r(o) = -o**3 + 4*o**2 - 2*o + 2. Let n be r(3). Let t be (-10)/(-4)*6/n. Is (t - -196)*1/1 composite?
False
Suppose -6389 = -21*v + 20*v. Is v a prime number?
True
Let g(t) = -3*t + 3. Let k be g(1). Suppose k = -5*h - 784 + 3269. Is h prime?
False
Suppose 3*q - 5*b - 4588 = 0, 0 = -2*b - 0 + 2. Suppose -5*r = -3*o - 901, -5*o + r = -0*r + q. Is (-2)/(-1*(-2)/o) composite?
False
Let q(p) = 28*p**2 - 5*p - 46. Is q(13) composite?
False
Let k(c) be the second derivative of 0 - 7/2*c**2 + 7/12*c**4 + 6*c - 3/2*c**3. Is k(-9) a prime number?
True
Let b = -39248 + 71375. Is b prime?
False
Suppose -l + 6*l - 15 = 0, -586 = -5*y + 3*l. Is y a composite number?
True
Let q = 295 - 717. Let n = 645 + q. Is n composite?
False
Suppose 3*n - 15 = -3. Let o(r) = 240*r + 19. Is o(n) composite?
True
Let c(z) = -17*z + 3. Let f be (-1)/((-21)/(-6) - 4). Let i(s) = 84*s - 14. Let y(d) = f*i(d) + 11*c(d). Is y(-6) a prime number?
False
Let q = 10 + -8. Suppose -3*o + 51 = 2*k, -2*o - 8 = k - q*k. Suppose -k = 3*m + 3*d - 126, m - 5*d - 42 = 0. Is m composite?
False
Suppose 6 = 3*o - 9. Suppose 1176 = n + o*h, 4*n + h - 3575 = 1110. Is n composite?
False
Is 71109 + (-128)/(-288)*18/2 a prime number?
False
Suppose -15*i = 5*i - 170020. Is i a composite number?
False
Suppose 199409 = 20*u - 11771. Is u composite?
False
Suppose -3*z - 2*j = 717, 3*z + 2*z = -3*j - 1195. Suppose -15*l + 10*l = -5*d - 2455, 4*d + 4*l + 1972 = 0. Let s = z - d. Is s prime?
False
Let i = 416 - 297. Is i composite?
True
Is (4/1 + -5)*-1843 a composite number?
True
Let h(a) = -a**2 - a**2 - 6*a + 5*a**2 + 3 + 1. Let l be h(-10). Suppose 3*b - 737 - l = 0. Is b prime?
True
Suppose -20*q + 9*q = -271843. Is q prime?
False
Let k(a) = -a**3 - 11*a**2 + 17*a + 22. Let m be k(-12). Let v(i) = i**2 + i - 5. Let p be v(-5). Let z = p - m. Is z a composite number?
False
Suppose 216*n = 205*n + 18997. Is n a composite number?
True
Is ((-1)/1)/(118019/11803 + -10) a composite number?
True
Suppose -53*w + 55*w = 11678. Is w prime?
True
Let u be 3/3 + (-7 - -10). Suppose p + u*y = 47 + 206, -2*y = 2. Is p prime?
True
Suppose -120*t + 116*t + 43324 = 0. Is t composite?
False
Suppose -237301 - 320744 = -45*t. Is t a composite number?
False
Let z = -13071 - -27868. Is z a prime number?
True
Let g = -492 + 978. Suppose 3*v - g = 399. Is v a prime number?
False
Let a(w) = -125*w**3 + w**2 + 3. Let t = 86 + -88. Is a(t) composite?
True
Suppose 16 = -2*i - 0*i - 4*x, -4*x - 16 = i. Suppose i = f + 2*f + 2*n - 196, 4*n = 4*f - 268. Let h = f - -23. Is h a composite number?
False
Let y(g) = -g**3 + 5*g**2 - g - 6. Let u be y(5). Let s(t) = 11 + 37*t**3 - 5*t**2 - 4*t - 9*t**2 - 38*t**3 + 3*t**2. Is s(u) a prime number?
False
Is 174 + 5 + 0 + -7 + -3 a composite number?
True
Suppose -2*m + 5*p + 306 = 0, -p = 3*m + p - 440. Suppose 247 - 43 = 4*o. Let i = m - o. Is i a composite number?
False
Suppose 8*n - 6*n = -7340. Let j = -1167 - n. Is j composite?
False
Let v(b) = -264*b - 20. Let a be v(-11). Let j = a - 1125. Is j composite?
False
Is (-4)/(28/7) - (0 + -1214) a composite number?
False
Let s(j) = 3*j**2 + 80*j + 124. Is s(-31) a prime number?
False
Let w(l) = 212 - 9*l - 215 - 19*l. Is w(-2) composite?
False
Let s(b) be the first derivative of 5*b**5/2 + b**4/12 + 3*b + 9. Let q(h) be the first derivative of s(h). Is q(1) composite?
True
Let p be (0 - 1*-111) + 3. Suppose 3*u - 226 = -4*h, 2*u - p = -0*h - 2*h. Is h prime?
False
Suppose -4*g = -5*z - 2*g + 43, g = 1. Let l be (18/15)/(z/22110). Is (7/(-4))/((-11)/l) prime?
False
Let u(d) = 3553*d**2 - 32*d + 76. Is u(3) prime?
True
Is ((-33)/(-18))/(7/6594) a prime number?
False
Let m(d) = -d**2 - 13*d + 4. Is m(-7) prime?
False
Let c be (-15)/25 - (1 - 11734/(-10)). Is -5 - (-3 - (1 - c)) composite?
True
Let r = -77787 - -117310. Is r composite?
True
Is 1*6/(24/11636) a composite number?
False
Suppose l - 250 = 6*d - 5*d, 0 = -3*l + 5*d + 752. Suppose 36 + 48 = i + o, 2*o - l = -3*i. Is 2/2*(i - -2) a composite number?
False
Let s(h) = 7 + 4*h - 5*h + 0. Let v(q) = -q + 8. Let t(k) = 4*s(k) - 3*v(k). Is t(-6) a composite number?
True
Let f be -3*(-3 - -2) + 5. Let a be ((-20)/f)/(2/(-828)). Suppose 0 = 5*i + 80 - a. Is i a prime number?
True
Let j = 20 + -17. Let l(t) = t**2 - 2*t + 3. Let a be l(j). Is (628/6)/(4/a) a composite number?
False
Let h = 2641 - 560. Is h a prime number?
True
Suppose 0 = 13*h - 637 - 104. Is h prime?
False
Let z(m) = -m**2 - 4*m + 3. Let g be z(-4). Suppose -2*d + 716 = p, -1423 = -g*d + 5*p - 349. Is d a prime number?
False
Let f be (-24)/(-20)*10/3. Is 1*(f + -4 + 23) composite?
False
Let x be (1 + 4 - 4) + 4. Suppose -6*l = x*l - 2937. Is l a prime number?
False
Let c(y) be the first derivative of 3*y**3 + 4*y**2 + 26*y - 5. Is c(13) composite?
True
Suppose 4*d = 6*d - 984. Let m = 654 - 611. Let v = d - m. Is v prime?
True
Is (3 - 23/2)/((-2)/212) composite?
True
Suppose -6*l + 4*l - 4 = 0. Let r be (l/4)/(8/(-32)). Suppose r*m - 18 = 136. Is m a composite number?
True
Let z = -88 - -1847. Is z prime?
True
Let w = 5082 - 2903. Is w a prime number?
True
Is 5/((-440)/(-1271848)) + (-4)/(-22) prime?
False
Suppose -876 = -9*z + 26871. Is z a prime number?
True
Let m(x) = -x**2 - 4*x. Let w be m(-3). Suppose 4*l - 3*i = 1359, 1013 = w*l + 3*i + i. Is l prime?
False
Suppose 0 = 3*w - y - 34292, 5*w = -8*y + 3*y + 57120. Is w prime?
False
Let u be (14/8)/(17/68). Let r = 5 - u. Is (68/6)/(r/(-21)) prime?
False
Suppose 5*s + 1603 = 3*m, -1094 = -7*m + 5*m - 3*s. Is m composite?
False
Let m be 4/(-2)*(-25)/10. Suppose -m*r = -r - 444. Is r prime?
False
Let z be 224 + (-1)/(2 + -1). Let p = z - 378. Let c = p + 388. Is c prime?
True
Let v(k) = -19*k + 7. Suppose 4*o + u + 13 = o, -4 = -o - 2*u. Is v(o) composite?
True
Suppose -2*h - 12 = 4*x, 17 = -x + 5*h - 2*h. Suppose -11*y + 7*y + 110 = -2*q, 3*y - 79 = 5*q. Let f = y - x. Is f prime?
False
Let v(t) = -14*t**3 - 8*t**2 - t + 47. Is v(-12) composite?
False
Let j(k) = k**2 + 6*k + 7. Let b be j(-5). Suppose -2*z - 349 = 4*o - 7*o, -b*o - z + 221 = 0. Is o a composite number?
False
Suppose 4*i + i + 20 = 0, -i + 20 = 3*p. Is 892*(4 + (-18)/p) a composite number?
True
Is (-18990)/(-135)*6/4 a prime number?
True
Suppose -3*y = 6*y + 36. Is (10 + -6)/(y/(-314)) a composite number?
True
Let m be (-50)/(-15)*(-6)/(-4). Suppose m*y = 4*d - 17502, -6937 - 1819 = -2*d + 5*y. Is d a prime number?
True
Let q be (-15)/6*(-208)/20. Suppose 3*t + q - 2 = 0. Let r(k) = -8*k + 19. Is r(t) composite?
False
Let k = 10662 - 5117. Is k a composite number?
True
Let t = 333 + -563. Let s be t/(-6) + 6/(-18). Suppose 0 = w + o - 31, -w - 7 = 2*o - s. Is w a composite number?
False
Let w be ((-2)/1)/(7/(-5) + 1). Suppose w*h - 183 = 1772. Is h prime?
False
Let t(m) = 41*m**2 + 16*m - 29. Is t(6) a composite number?
False
Let i be (2/(-2))/((-1)/295). Let m = -110 + i. Is m a prime number?
False
Suppose -13 + 8 = -5*y. Let s be (y/(4/(-20)))/(-1). Suppose 0 = -3*m + j + 995, 4*m + 0*j - s*j = 1334. Is m composite?
False
Let t(p) = -p**3 - 2*p**2 - 7*p + 1. Suppose -5*k + 4*k = -1. Suppose 2*u = -4*c - 10, -4*u + c - k = 19. Is t(u) prime?
False
Let n = -504 - -505. Suppose 2*s - m - 7 = -52, 0 = 4*s - 5*m + 81. Is (-9332)/s - n/(-6) a prime number?
True
Let i(y) = 3*y**2 - y**2 - 14 + 64*y - 65*y + y**2. Is i(-4) prime?
False
Let c = 1581 - 982. Is c a prime number?
True
Suppose 3*h - b + 5774 = 0, -h + 7706 = -5*h + 5*b. Let p = h - -2811. Is p a prime number?
True
Let s = 3305 + 7254. Is s a prime number?
True
